 -2. What is the hundreds digit of -1 + 0 - (-442 + f - 8)?
4
Suppose -143*j + 741455 + 946070 = -18894. What is the ten thousands digit of j?
1
Let v(f) = 3*f**2 + f - 17. Let g be v(7). Let s = g + 182. What is the units digit of s?
9
Let g(x) = x**3 + 14*x**2 + 15*x - 1. Let l(h) = -h - 7. Let o be l(2). Let b be g(o). Let y = b - 133. What is the hundreds digit of y?
1
Suppose 33182 = 15*x - 69043. What is the units digit of x?
5
Suppose -10*d = -d - 1134. Let f = -123 + d. Suppose f*m - p = 108, 4*m - 27 - 133 = -4*p. What is the units digit of m?
7
Let b(f) = 10*f**2 + 7*f + 8. Let q(r) = -5*r**2 + 7 + 32*r**2 - 17*r**2 + 8*r. Let t(y) = 4*b(y) - 3*q(y). What is the tens digit of t(5)?
8
Suppose u = 4*x - 29, -23 = -4*x + 4*u - u. Let v = 68 + x. Let l = v + -37. What is the tens digit of l?
3
Let c = 28953 - -41173. What is the thousands digit of c?
0
Let u(g) = 10*g + 6 + 9 - 9. Let h be u(2). Suppose 5*q - 69 + 19 = -2*a, 3*q - h = -2*a. What is the units digit of q?
2
Let s be 1/((-11)/3432 + -1 + 1). What is the units digit of 1352/s*546/(-2)?
3
Suppose -93*j = -33*j - 2019540. What is the hundreds digit of j?
6
Suppose 0 = 30*n + 23*n - 589595 - 72587. What is the hundreds digit of n?
4
Let k = -11 - 56. Let t = k - -215. What is the tens digit of t?
4
Suppose -n = -c - 17715 - 13752, -3*c = n - 31479. Suppose 34*b + 12430 = n. What is the units digit of b?
0
What is the ten thousands digit of 13515 + (-13 - -13) + -10?
1
Let k(o) = 334*o**2 - 66*o - 13. What is the units digit of k(9)?
7
Let g = 44 + -40. Suppose -2*u + 2*h = -3*h - 4, -3*h = -g*u + 8. Suppose 4*c - 343 = -5*x, 3*x - 67 = -c - u*x. What is the tens digit of c?
9
Let f be (42/(-6) - -4)*(-24)/18. Suppose -5*a + 169 = -u - 306, f*u - 404 = -4*a. What is the units digit of a?
6
Let l = 8991 - 4925. What is the thousands digit of l?
4
Suppose -3*b = -5*k + 4*k + 19949, 4*k - b - 79752 = 0. What is the thousands digit of k?
9
Let k = -13 - -3. Let u(i) = 7*i**2 - 5*i + 12. What is the hundreds digit of u(k)?
7
Let p = 1519 + -47. What is the units digit of p?
2
Let k(d) = -8*d**3 - 18*d**2 - 9*d - 15. Let u be k(-7). Let y = -1142 + u. What is the tens digit of y?
6
Suppose -x + 14475 = 2*d, -10*x - d = -15*x + 72430. What is the units digit of x?
5
Suppose 2522 - 3097 + 16871 = 2*k. What is the hundreds digit of k?
1
Let o = 6214 + -2276. What is the thousands digit of o?
3
Let d(c) = c**3 - 1. Let g(z) = -4*z**3 - 16*z**2 - 12*z - 20. Let i(m) = -5*d(m) - g(m). What is the units digit of i(16)?
7
Let t(z) = 13*z**2 + 3*z - 3. Let a be t(-5). Let p = a - 161. Suppose -p = -22*o + 20*o. What is the tens digit of o?
7
Suppose 69 - 71 = n. What is the units digit of (0 - n) + (7 - -39)?
8
Suppose -4*t + 3496 = 3*c - 3042, -2*t + 6548 = 3*c. Suppose -13*a + 9206 = c. Suppose 3*w - 8*w + a = 0. What is the tens digit of w?
0
Let s = -7827 - -17706. What is the units digit of s?
9
What is the tens digit of ((-5)/140*8 + 2187/(-14))*-12?
7
Suppose -48728 = -6000*f + 5992*f. What is the thousands digit of f?
6
Let u(j) = -j**3 - 7*j**2 - 21 + 81*j - 45*j - 39*j. What is the tens digit of u(-8)?
6
Let h = 8095 - -1278. What is the hundreds digit of h?
3
Let x(g) = 9*g - 14. Let j be x(2). Suppose 0 = 4*u + 4, j*b + u = -b + 1874. What is the tens digit of b?
7
Suppose 0 = 14*h - 15*h. Suppose h = -2*d + 3*d - 5. Suppose -d*w + 123 = -4*w. What is the tens digit of w?
2
Suppose 0 = 15*j + 38192 + 14848. Let g = j - -5023. What is the thousands digit of g?
1
Let g(l) = 167*l + 53. Let f = 367 - 363. What is the hundreds digit of g(f)?
7
Suppose -28*s = -34*s + 24. What is the hundreds digit of (2 - (-466)/s)/((-59)/(-118))?
2
Suppose -19*n = 453 + 212. What is the units digit of (-65)/n - 1/(-7)?
2
Suppose 0 = 9*n - 13*n - 24. Let c be (1 + 1390/n)/((-2)/6). Suppose z - 161 = -6*i + i, 4*z = 4*i + c. What is the units digit of z?
1
Let h be (58/6)/((-36)/(-1296)). Suppose 350*g - 1352 = h*g. What is the hundreds digit of g?
6
Let l = -1573 - -4164. What is the tens digit of l?
9
Let g = -20 + 2771. Let k = g - 1572. What is the hundreds digit of k?
1
Suppose -5*m + 141 = -314. Suppose 2*d = g + 13 + 2, 60 = 5*d + 5*g. Suppose 2*x = d*x - m. What is the units digit of x?
3
Let z(a) = 3283*a**2 + 6*a - 5. What is the units digit of z(1)?
4
Let y be 138/506 - 226/22. What is the tens digit of (4 + -66)*5/y?
3
Let i(u) = 3*u**2 - 5*u + 30. Suppose 3*k = -2*k + 25, k = -t - 2. Let y be i(t). Suppose l = 4*v + y, 2*l - 314 - 80 = -2*v. What is the units digit of l?
0
Suppose 7 = -2*a + 5*c, -11 = a + 2*c + 3*c. Let d be (-327)/4*16/a. Suppose -5*k + d = 3*v, -k = 4*v - 4*k - 339. What is the tens digit of v?
8
Let j(n) = 56*n + 248. Let h be j(12). Let x = 1703 - h. What is the tens digit of x?
8
Suppose k - 5*p = 3124, 7*p = 2*p - 25. Suppose 5*i - 4127 = -4*j + 10*i, -3*j = -5*i - k. What is the thousands digit of j?
1
Let g = -60812 - -103047. What is the thousands digit of g?
2
Let g(h) = -32*h**3 - 12*h**2 + 85*h + 920. What is the units digit of g(-11)?
5
Let d(f) = f**2 - 6*f - 55. Suppose u + 30 = -4*y, 2*u - y = -0*y - 15. What is the tens digit of d(u)?
0
What is the ten thousands digit of ((-43044)/20)/((-323)/(-340) - 1)?
4
Suppose 41 = o + d - 3*d, 0 = 4*d + 16. Let f(g) = g**3 - 33*g**2 + 12*g + 46. What is the units digit of f(o)?
2
Suppose 0 = 3*m + 2130 - 2124. Let i(f) be the third derivative of 3*f**5/4 + 5*f**4/24 + 3*f**3/2 - 2*f**2. What is the tens digit of i(m)?
7
Suppose -489*q + 413*q = -492784. What is the units digit of q?
4
Let i(h) = -897*h - 1887. What is the tens digit of i(-15)?
6
Let z(h) = 4*h**2 + 10*h + 12. Suppose 3*p + 5 = -13. Let k be z(p). Suppose 0 = 5*i - 2*w - k, 2*i - i - 24 = 2*w. What is the units digit of i?
8
Suppose -5*b + 2 = -4*g - 44, -4 = -2*b - 2*g. Let t be -93*(1 - 1/(-3)). Let i = b - t. What is the units digit of i?
0
Let g = -119 + 384. Let h be (-8)/48 - (g/(-6) + -2). Suppose -q = q - h. What is the units digit of q?
3
Let n be (40/25 - 2)/((-3)/(-15)). What is the tens digit of (336 + 3 + -4)/(n/(-2))?
3
Let i = 7616 - 7618. Suppose -3*d - 5 = 2*d. What is the tens digit of 33*i*-2*d/(-6)?
2
Let b(n) = 74*n + 3. Let v(k) = 296*k + 13. Let h(t) = 9*b(t) - 2*v(t). Let f be h(1). Suppose 75 = 5*i + 5*j - f, i - 3*j = 42. What is the tens digit of i?
3
Suppose -10*m = -15*m - 4*o + 6, 4*m = -4*o + 4. Suppose -t + m*j = -765, -t = -4*t - 4*j + 2335. What is the units digit of t?
3
Suppose -16 = 5*s - 11, 7 = b - 4*s. Let v(y) = 94*y**2 + 3*y - 1. What is the units digit of v(b)?
4
Let q(u) = 21*u**2 - 36*u + 50 + 52*u - 4*u**2. What is the units digit of q(-4)?
8
Suppose 0 = 14*r + 22327 - 99157 - 203870. What is the tens digit of r?
5
Let g = -5 + 5. Suppose -3*i + 15 = g, -4*b - 2*i = -63 - 283. Suppose 10*p - b = 7*p. What is the units digit of p?
8
Let l(b) be the third derivative of b**5/60 + 2*b**3/3 - 22*b**2. Let r be l(-5). What is the units digit of r/((3 - 2)/2)?
8
Suppose -75876 = -2*r - 5*w, 72*r - w = 71*r + 37966. What is the ten thousands digit of r?
3
Let h(d) = -14*d + 2135. What is the tens digit of h(-7)?
3
Suppose 13 + 38 = l. Suppose -60 = l*x - 55*x. Suppose -x*a = -8*a - 1631. What is the hundreds digit of a?
2
Suppose -5*f - c + 12236 = 0, -4*f - 2*c + 6024 + 3760 = 0. Suppose 154*i - f = 137*i. What is the hundreds digit of i?
1
Let i(y) = 24*y - 10. Suppose -z = 4*q + z - 28, q + 5*z - 16 = 0. Let o be i(q). Let g = 384 - o. What is the units digit of g?
0
Let b = 3121 + 483. What is the units digit of b?
4
Let m be 186/(-248) + (-23)/(-4). Let c be -1 - (2*-2 - -1). Suppose -55 = c*r + 4*v - 143, r + m*v = 47. What is the units digit of r?
2
Suppose 3*k + 1 = 1. Suppose 10 = -5*t, -t + 4 = -k*w + 2*w. Suppose 371 - 65 = w*g. What is the tens digit of g?
0
Suppose -5*g - 3*q = -7, 4*g + 2*q + q - 5 = 0. Let p be (((-8)/g)/2)/((-3)/3). What is the tens digit of (-1 - 1)*p + 144?
4
Let b be 2*((-13)/(-78))/(2/(-18)). What is the units digit of (-3)/(-9) + (-929)/b?
0
Let k(d) = -13118*d**3 + 3*d**2 - 7*d - 7. What is the units digit of k(-1)?
1
Let q(r) = 2*r**3 + 75*r**2 - 30*r + 60. What is the ten thousands digit of q(-32)?
1
Suppose 4*s = -33 - 27. Let v be (-10)/s + 29/(-3). Let d(n) = n**2 +